{"id":1179,"date":"2017-02-08T09:56:29","date_gmt":"2017-02-08T09:56:29","guid":{"rendered":"http:\/\/consulting.stylemixthemes.com\/demo\/?page_id=1179"},"modified":"2019-12-22T22:08:14","modified_gmt":"2019-12-23T03:08:14","slug":"contactenos","status":"publish","type":"page","link":"https:\/\/www.centralcreditgroup.com\/ccg1\/contactenos\/","title":{"rendered":"Cont\u00e1ctenos"},"content":{"rendered":"<p>[vc_row css=&#8221;.vc_custom_1485429758182{margin-bottom: 23px !important;}&#8221;][vc_column][vc_column_text]<span style=\"font-family: Montserrat; color: #444444; font-size: 16px; letter-spacing: -0.4px;\">Favor dejarnos saber si tiene alguna pregunta, desea dejar alg\u00fan comentario, o desea m\u00e1s informaci\u00f3n sobre nuestros servicios.<\/span>[\/vc_column_text][\/vc_column][\/vc_row][vc_row css=&#8221;.vc_custom_1485430310469{margin-bottom: 63px !important;}&#8221;][vc_column offset=&#8221;vc_col-lg-3 vc_col-md-6&#8243;][stm_icon_box box_style=&#8221;style_3&#8243; icon=&#8221;stm-phone_13_2&#8243; icon_size=&#8221;16&#8243; icon_border_color=&#8221;third&#8221; icon_line_height=&#8221;48&#8243;]<\/p>\n<p style=\"font-family: Montserrat, sans-serif; font-weight: 400; letter-spacing: -0.40px;\"><span style=\"color: #595959;\">Ll\u00e1menos<\/span><br \/>\n<span style=\"font-size: 18px; color: #1a1a1a;\">+1 407-483-9399<\/span><\/p>\n<p>[\/stm_icon_box][\/vc_column][vc_column offset=&#8221;vc_col-lg-3 vc_col-md-6&#8243;][stm_icon_box box_style=&#8221;style_3&#8243; icon_size=&#8221;16&#8243; icon_border_color=&#8221;third&#8221; icon_line_height=&#8221;48&#8243;]<\/p>\n<p style=\"font-family: Montserrat, sans-serif; font-weight: 400; letter-spacing: -0.40px;\"><span style=\"color: #595959;\">Fax<\/span><br \/>\n<span style=\"font-size: 18px; color: #1a1a1a;\">+1 407-350-3314<\/span><\/p>\n<p>[\/stm_icon_box][\/vc_column][vc_column offset=&#8221;vc_col-lg-3 vc_col-md-6&#8243;][stm_icon_box box_style=&#8221;style_3&#8243; icon_size=&#8221;16&#8243; icon_border_color=&#8221;third&#8221; icon_line_height=&#8221;48&#8243;]<\/p>\n<p style=\"font-family: Montserrat, sans-serif; font-weight: 400; letter-spacing: -0.40px;\"><span style=\"color: #595959;\">\u00bfTiene alguna pregunta?<\/span><br \/>\n<span style=\"color: #1a1a1a;\">info@centralcreditgroup.com<\/span><\/p>\n<p>[\/stm_icon_box][\/vc_column][vc_column offset=&#8221;vc_col-lg-3 vc_col-md-6&#8243;][stm_icon_box box_style=&#8221;style_3&#8243; icon=&#8221;stm-marker&#8221; icon_size=&#8221;16&#8243; icon_border_color=&#8221;third&#8221; icon_line_height=&#8221;48&#8243;]<\/p>\n<p style=\"font-family: Montserrat, sans-serif; font-weight: 400; letter-spacing: -0.40px;\"><span style=\"color: #595959;\">1912 W. Oak St. Kissimmee FL 34741 U.S.<\/span><\/p>\n<p>[\/stm_icon_box][\/vc_column][\/vc_row][vc_row full_width=&#8221;stretch_row&#8221; css=&#8221;.vc_custom_1485495086300{margin-bottom: -60px !important;padding-top: 63px !important;padding-bottom: 30px !important;background-color: #f2f2f2 !important;}&#8221;][vc_column][vc_custom_heading text=&#8221;forma de contacto&#8221; font_container=&#8221;tag:h2|font_size:20px|text_align:left|line_height:30px&#8221; google_fonts=&#8221;font_family:Montserrat%3Aregular%2C700|font_style:400%20regular%3A400%3Anormal&#8221; css=&#8221;.vc_custom_1576875907147{margin-bottom: 30px !important;}&#8221;]<div role=\"form\" class=\"wpcf7\" id=\"wpcf7-f4143-o1\" lang=\"en-US\" dir=\"ltr\">\n<div class=\"screen-reader-response\"><p role=\"status\" aria-live=\"polite\" aria-atomic=\"true\"><\/p> <ul><\/ul><\/div>\n<form action=\"\/ccg1\/wp-json\/wp\/v2\/pages\/1179#wpcf7-f4143-o1\" method=\"post\" class=\"wpcf7-form init\" novalidate=\"novalidate\" data-status=\"init\">\n<div style=\"display: none;\">\n<input type=\"hidden\" name=\"_wpcf7\" value=\"4143\" \/>\n<input type=\"hidden\" name=\"_wpcf7_version\" value=\"5.5.1\" \/>\n<input type=\"hidden\" name=\"_wpcf7_locale\" value=\"en_US\" \/>\n<input type=\"hidden\" name=\"_wpcf7_unit_tag\" value=\"wpcf7-f4143-o1\" \/>\n<input type=\"hidden\" name=\"_wpcf7_container_post\" value=\"0\" \/>\n<input type=\"hidden\" name=\"_wpcf7_posted_data_hash\" value=\"\" \/>\n<input type=\"hidden\" name=\"_wpcf7_recaptcha_response\" value=\"\" \/>\n<\/div>\n<div class=\"request_callback\">\n<div class=\"row\">\n<div class=\"col-lg-4 col-md-4 col-sm-4 col-xs-12\">\n<div class=\"input-group\">\n                <span class=\"wpcf7-form-control-wrap text-name\"><input type=\"text\" name=\"text-name\" value=\"\" size=\"40\" class=\"wpcf7-form-control wpcf7-text wpcf7-validates-as-required\" aria-required=\"true\" aria-invalid=\"false\" placeholder=\"Nombre *\" \/><\/span>\n            <\/div>\n<\/div>\n<div class=\"col-lg-4 col-md-4 col-sm-4 col-xs-12\">\n<div class=\"input-group\">\n                <span class=\"wpcf7-form-control-wrap text-lastname\"><input type=\"text\" name=\"text-lastname\" value=\"\" size=\"40\" class=\"wpcf7-form-control wpcf7-text wpcf7-validates-as-required\" aria-required=\"true\" aria-invalid=\"false\" placeholder=\"Apellido *\" \/><\/span>\n            <\/div>\n<\/div>\n<div class=\"col-lg-4 col-md-4 col-sm-4 col-xs-12\">\n<div class=\"input-group\">\n                <span class=\"wpcf7-form-control-wrap email\"><input type=\"email\" name=\"email\" value=\"\" size=\"40\" class=\"wpcf7-form-control wpcf7-text wpcf7-email wpcf7-validates-as-required wpcf7-validates-as-email\" aria-required=\"true\" aria-invalid=\"false\" placeholder=\"E-mail *\" \/><\/span>\n            <\/div>\n<\/div>\n<div class=\"col-lg-4 col-md-4 col-sm-4 col-xs-12\">\n<div class=\"input-group\">\n              <span class=\"wpcf7-form-control-wrap mask-phone\"><input type=\"tel\" name=\"mask-phone\" value=\"\" class=\"wpcf7-form-control wpcf7mf-mask wpcf7-mask wpcf7-validates-as-required\" size=\"40\" aria-required=\"1\" placeholder=\"Telefono\" data-mask=\"(___) ___-____\" \/><\/span>\n            <\/div>\n<\/div>\n<div class=\"col-lg-6 col-md-6 col-sm-6 col-xs-12\">\n<div class=\"input-group\">\n                <span class=\"wpcf7-form-control-wrap your-state\"><select name=\"your-state\" class=\"wpcf7-form-control wpcf7-select wpcf7-validates-as-required\" aria-required=\"true\" aria-invalid=\"false\"><option value=\"\">---<\/option><option value=\"Alabama\">Alabama<\/option><option value=\"Arizona\">Arizona<\/option><option value=\"Arkansas\">Arkansas<\/option><option value=\"California\">California<\/option><option value=\"Colorado\">Colorado<\/option><option value=\"Connecticut\">Connecticut<\/option><option value=\"Delaware\">Delaware<\/option><option value=\"Florida\">Florida<\/option><option value=\"Georgia\">Georgia<\/option><option value=\"Hawaii\">Hawaii<\/option><option value=\"Idaho\">Idaho<\/option><option value=\"Illinois\">Illinois<\/option><option value=\"Indiana\">Indiana<\/option><option value=\"Iowa\">Iowa<\/option><option value=\"Kansas\">Kansas<\/option><option value=\"Kentucky\">Kentucky<\/option><option value=\"Louisiana\">Louisiana<\/option><option value=\"Maine\">Maine<\/option><option value=\"Maryland\">Maryland<\/option><option value=\"Massachusetts\">Massachusetts<\/option><option value=\"Michigan\">Michigan<\/option><option value=\"Minnesota\">Minnesota<\/option><option value=\"Mississippi\">Mississippi<\/option><option value=\"Missouri\">Missouri<\/option><option value=\"Montana\">Montana<\/option><option value=\"Nebraska\">Nebraska<\/option><option value=\"Nevada\">Nevada<\/option><option value=\"New Hampshire\">New Hampshire<\/option><option value=\"New Jersey\">New Jersey<\/option><option value=\"New Mexico\">New Mexico<\/option><option value=\"New York\">New York<\/option><option value=\"North Carolina\">North Carolina<\/option><option value=\"North Dakota\">North Dakota<\/option><option value=\"Ohio\">Ohio<\/option><option value=\"Oklahoma\">Oklahoma<\/option><option value=\"Oregon\">Oregon<\/option><option value=\"Pennsylvania\">Pennsylvania<\/option><option value=\"Puerto Rico\">Puerto Rico<\/option><option value=\"Rhode Island\">Rhode Island<\/option><option value=\"South Carolina\">South Carolina<\/option><option value=\"South Dakota\">South Dakota<\/option><option value=\"Tennessee\">Tennessee<\/option><option value=\"Texas\">Texas<\/option><option value=\"Utah\">Utah<\/option><option value=\"Vermont\">Vermont<\/option><option value=\"Virginia\">Virginia<\/option><option value=\"Washington\">Washington<\/option><option value=\"West Virginia\">West Virginia<\/option><option value=\"Wisconsin\">Wisconsin<\/option><option value=\"Wyoming\">Wyoming<\/option><\/select><\/span>\n         <\/div>\n<\/div>\n<div class=\"col-lg-12 col-md-12 col-sm-12 col-xs-12\">\n<div class=\"input-group\">\n                <span class=\"wpcf7-form-control-wrap message\"><textarea name=\"message\" cols=\"40\" rows=\"10\" class=\"wpcf7-form-control wpcf7-textarea wpcf7-validates-as-required\" aria-required=\"true\" aria-invalid=\"false\" placeholder=\"Escribir su mensaje *\"><\/textarea><\/span>\n            <\/div>\n<\/div>\n<div class=\"col-lg-12 col-md-12 col-sm-12 col-xs-12\">\n<div class=\"input-group\">\n<span class=\"wpcf7-form-control-wrap recaptcha\"><span data-sitekey=\"6LelPMoUAAAAAHodyH3pqJmqfvVTmt7Y81aymT7n\" class=\"wpcf7-form-control g-recaptcha wpcf7-recaptcha\"><\/span>\r\n<noscript>\r\n\t<div class=\"grecaptcha-noscript\">\r\n\t\t<iframe src=\"https:\/\/www.google.com\/recaptcha\/api\/fallback?k=6LelPMoUAAAAAHodyH3pqJmqfvVTmt7Y81aymT7n\" frameborder=\"0\" scrolling=\"no\" width=\"310\" height=\"430\">\r\n\t\t<\/iframe>\r\n\t\t<textarea name=\"g-recaptcha-response\" rows=\"3\" cols=\"40\" placeholder=\"reCaptcha Response Here\">\r\n\t\t<\/textarea>\r\n\t<\/div>\r\n<\/noscript>\r\n<\/span>\n<\/div>\n<\/div>\n<div class=\"col-lg-12 col-md-12 col-sm-12 col-xs-12\">\n<div class=\"input-group\">\n                <button type=\"submit\" class=\"button size-lg icon_right\">Enviar <i class=\"fa fa-chevron-right\"><\/i><\/button>\n            <\/div>\n<\/div>\n<\/div>\n<\/div>\n<div class=\"wpcf7-response-output\" aria-hidden=\"true\"><\/div><\/form><\/div>[\/vc_column][\/vc_row]<\/p>\n","protected":false},"excerpt":{"rendered":"<p>[vc_row css=&#8221;.vc_custom_1485429758182{margin-bottom: 23px !important;}&#8221;][vc_column][vc_column_text]Favor dejarnos saber si tiene alguna pregunta, desea dejar alg\u00fan comentario, o desea m\u00e1s informaci\u00f3n sobre nuestros servicios.[\/vc_column_text][\/vc_column][\/vc_row][vc_row css=&#8221;.vc_custom_1485430310469{margin-bottom: 63px !important;}&#8221;][vc_column offset=&#8221;vc_col-lg-3 vc_col-md-6&#8243;][stm_icon_box box_style=&#8221;style_3&#8243; icon=&#8221;stm-phone_13_2&#8243; icon_size=&#8221;16&#8243; icon_border_color=&#8221;third&#8221; icon_line_height=&#8221;48&#8243;] Ll\u00e1menos +1 407-483-9399 [\/stm_icon_box][\/vc_column][vc_column offset=&#8221;vc_col-lg-3 vc_col-md-6&#8243;][stm_icon_box box_style=&#8221;style_3&#8243; icon_size=&#8221;16&#8243; icon_border_color=&#8221;third&#8221; icon_line_height=&#8221;48&#8243;] Fax +1 407-350-3314 [\/stm_icon_box][\/vc_column][vc_column offset=&#8221;vc_col-lg-3 vc_col-md-6&#8243;][stm_icon_box box_style=&#8221;style_3&#8243; icon_size=&#8221;16&#8243; icon_border_color=&#8221;third&#8221; icon_line_height=&#8221;48&#8243;] \u00bfTiene alguna pregunta? info@centralcreditgroup.com<\/p>\n","protected":false},"author":1,"featured_media":0,"parent":0,"menu_order":0,"comment_status":"closed","ping_status":"closed","template":"","meta":{"_coblocks_attr":"","_coblocks_dimensions":"","_coblocks_responsive_height":"","_coblocks_accordion_ie_support":""},"_links":{"self":[{"href":"https:\/\/www.centralcreditgroup.com\/ccg1\/wp-json\/wp\/v2\/pages\/1179"}],"collection":[{"href":"https:\/\/www.centralcreditgroup.com\/ccg1\/wp-json\/wp\/v2\/pages"}],"about":[{"href":"https:\/\/www.centralcreditgroup.com\/ccg1\/wp-json\/wp\/v2\/types\/page"}],"author":[{"embeddable":true,"href":"https:\/\/www.centralcreditgroup.com\/ccg1\/wp-json\/wp\/v2\/users\/1"}],"replies":[{"embeddable":true,"href":"https:\/\/www.centralcreditgroup.com\/ccg1\/wp-json\/wp\/v2\/comments?post=1179"}],"version-history":[{"count":16,"href":"https:\/\/www.centralcreditgroup.com\/ccg1\/wp-json\/wp\/v2\/pages\/1179\/revisions"}],"predecessor-version":[{"id":4144,"href":"https:\/\/www.centralcreditgroup.com\/ccg1\/wp-json\/wp\/v2\/pages\/1179\/revisions\/4144"}],"wp:attachment":[{"href":"https:\/\/www.centralcreditgroup.com\/ccg1\/wp-json\/wp\/v2\/media?parent=1179"}],"curies":[{"name":"wp","href":"https:\/\/api.w.org\/{rel}","templated":true}]}}